?
19, 2789
Suppose -5*h - 2*u = -61432, 5*u = -22*h + 26*h - 49172. What are the prime factors of 57/(-38)*h/(-9)?
2
Let j = -344 - -365. Let a(y) = 9*y - 106. What are the prime factors of a(j)?
83
Suppose -4*i - 120 = -3*f + 214, -5*f - 4*i + 578 = 0. Suppose -6*q + f = 36. What are the prime factors of q?
13
Suppose 2*d + 61826 + 31584 = 4*u, -5*u = 3*d - 116724. What are the prime factors of u?
3, 43, 181
Suppose g + 4*y - 23 = -4, -38 = -5*g - y. Suppose -18 = -n - 28. Let d = g - n. List the prime factors of d.
17
Let j(p) be the first derivative of 511*p**3/3 + 8*p**2 - 17*p + 27. List the prime factors of j(1).
2, 3, 5, 17
Let k(n) = -n**3 + 20*n**2 + 4*n - 30. Let p be k(20). Let g = p + -45. Suppose -2*i + 503 = -g*l, 3*i - 348 = 3*l + 411. What are the prime factors of i?
2, 127
Suppose -82*x = -93*x + 17655. List the prime factors of x.
3, 5, 107
List the prime factors of (14 - (-1296119)/92)/((-12)/(-16)).
18803
Let y be 4 - (-5*15 + 3). Let f(d) = -43*d - 1. Let v be f(-2). Suppose -h + v = y. List the prime factors of h.
3
Suppose -392 = 32*f - 33*f. Let s = f - -122. What are the prime factors of s?
2, 257
Suppose 4*k - 2*f - 35786 = 0, -4*k + 8*f - 12*f = -35744. List the prime factors of k.
3, 11, 271
Let u be 1423/7 + (-30)/105. Let a = -38 + u. List the prime factors of a.
3, 5, 11
Let g = 48 + -45. Suppose -2*f = 4*l - 452, -g*l = -f + 4*f - 339. Suppose -x = -4*w + 30 - l, -3*x + 2*w = -229. List the prime factors of x.
3, 5
Let y(v) = 21*v**3 - 1592*v**2 + 112*v - 92. What are the prime factors of y(76)?
2, 3, 37, 71
Suppose g - 6 = 0, 0 = -39*y + 43*y + g - 78074. What are the prime factors of y?
29, 673
Let u = 127 - 129. What are the prime factors of (-1 - 3) + u - -16?
2, 5
Let q(s) = -3*s**2 + 31*s + 27. Let u be q(24). What are the prime factors of (-174)/u - 1/11*-11482?
2, 3, 29
List the prime factors of 4803 + (138/92 - 18/(-4)).
3, 7, 229
Let v = -95 - -122. Suppose 15*j = v + 33. What are the prime factors of (1/(-2))/(j/(-296))?
37
Let m = 167 + -162. Let v(y) be the third derivative of 35*y**4/24 - 3*y**3 - 23*y**2. List the prime factors of v(m).
157
Let a be 5*((-30)/(-25))/3*(-15)/10. Let b(s) = -6 - 6*s - 1 - 60*s. List the prime factors of b(a).
191
Let x(b) = -24*b**2 - 8*b + 7. Let q be x(1). Let i(o) = -2*o**3 - 49*o**2 - 7*o + 22. What are the prime factors of i(q)?
2, 3, 137
Suppose 0 = x + 5*j + 17, 0*j + 4*j + 31 = 5*x. Suppose 127 = -2*d + x*t + 17, 5*d + 289 = 4*t. Let p = 148 + d. List the prime factors of p.
3, 29
Let v(p) = 23*p - 6. Let q be v(1). Suppose -12*s = -q*s + 45. Suppose 0 = -3*w - 0*w + s, -399 = -3*i + 4*w. What are the prime factors of i?
137
Let n(u) = 2*u**3 - 92*u**2 + 652*u - 40. List the prime factors of n(43).
2, 3, 313
Let q = 2992 - -2439. What are the prime factors of q?
5431
List the prime factors of (1069062/126 - 6/21) + (-14)/(-21).
5, 1697
Suppose -2*d + 146048 = 4*f, 50*d + 146062 = 52*d - 3*f. List the prime factors of d.
2, 18257
Let q(n) = 4*n**2 - 25*n - 5. Suppose 5*j = -5 + 25. Suppose 5*b - 4*t = -36, -4*b = -j*t - 11 + 43. List the prime factors of q(b).
3, 53
Suppose 4*o + t - 13778 = 0, -44*o + 2*t = -48*o + 13772. List the prime factors of o.
2, 1723
Suppose 0 = -4*d + 3*b + 88, d - 8 = -3*b - 1. Suppose -36*a + 15159 = 30*a + 27*a. Let r = a - d. What are the prime factors of r?
2, 3
Let r(q) = 4*q + 7*q**2 + 43 - 285*q**3 + 286*q**3 - 29*q**2. List the prime factors of r(23).
2, 83
Let w = -7138 + 57497. List the prime factors of w.
50359
Let o(a) = -a**3 + 3*a**2 + 7*a + 4. Let y be o(4). Suppose -y*r + 37*r - 20475 = 0. What are the prime factors of r?
3, 5, 13
Let g(u) = 13 - 9 + 6*u + 0*u**2 - 2*u**2. Let d be g(3). Suppose d*s = -4*o + 408, -2*o + 0*s + 5*s + 225 = 0. List the prime factors of o.
3, 5, 7
Suppose 70 = 2*h - 5*k + 680, 2*h + 2*k + 638 = 0. Let r = 844 - h. List the prime factors of r.
19, 61
Let t(m) = -2930*m + 1167. What are the prime factors of t(-8)?
11, 2237
Let b(m) = -2*m**2 - 9*m + 48759. List the prime factors of b(0).
3, 16253
Let u(l) = 2*l**3 + l**3 + 3*l + 718 - 720. Let r be u(1). Suppose 5*w - 112 = 3*h - 15, r*h = 4. List the prime factors of w.
2, 5
Suppose -3*o - 131994 = -3*i, -36*i + 2*o = -31*i - 220002. List the prime factors of i.
2, 7, 449
Let g be (1194/30 - 1) + (-3)/(-15). Suppose -3*z = 6, 3*r + g*z - 40*z - 293 = 0. List the prime factors of r.
97
Suppose -3*m + 5*m + 9744 = 0. Let w = -12095 - -12094. What are the prime factors of m/(-42)*(w - -1*2)?
2, 29
Let i be (-45)/(-2)*((-8)/3)/(-1). Let t = i - 60. Suppose -8*c + t*c + 1672 = 0. What are the prime factors of c?
11, 19
Suppose -58 = -n + 5*o + 184, 3*n - 774 = -o. List the prime factors of n.
257
Suppose -3*l = -4*p + 11, 2*l + 7 = 3*p + l. Let o(z) = -z**3 + 22*z + 15 - 5*z**p + 1 - 14*z. What are the prime factors of o(-6)?
2
Let o = -5601 - -3530. Let r = 3350 + o. What are the prime factors of r?
1279
Let k(u) = -846*u + 2991. List the prime factors of k(-6).
3, 2689
Suppose -5*z + 5*w + 65525 = 0, -4*z + 26527 = -2*w - 25883. List the prime factors of z.
2, 5, 131
Let p be 2/(-23) + (-3682)/(-23). Suppose k + 92 = -0*k. Let y = p + k. List the prime factors of y.
2, 17
Let l be (6 - (61 + 2))/(3/(-8)). Suppose -357 = -3*p + 4*z + 164, -p - 3*z + l = 0. List the prime factors of p.
167
Let y(o) = 500*o - 1084. What are the prime factors of y(61)?
2, 3677
Let g(j) = 2*j**3 + 72*j**2 + 68*j + 74. What are the prime factors of g(-33)?
2, 1091
What are the prime factors of 8903 - 36/((-42)/(-7))?
7, 31, 41
Suppose -21*f = -22*f + 9527. List the prime factors of f.
7, 1361
Let d be (1059/6)/(2*3/(-12)). Let o = -211 - d. List the prime factors of ((-2)/6 - 0) + o/3.
47
Suppose -b - 9 = 2*b, 5*b + 275 = 5*p. Let o be (41*1)/((-2)/(-16)). Suppose 3*z - o = -p. List the prime factors of z.
2, 23
Let j = -83 + 142. Suppose 0 = -53*v + j*v - 264. What are the prime factors of v?
2, 11
Suppose 2*r + 23 = q + 6, 79 = 3*q + r. Suppose -q*t + 14257 + 3418 = 0. List the prime factors of t.
7, 101
Let c be (-24)/30*(4 - (-23)/(-2)). Suppose 1114 = c*z - 554. List the prime factors of z.
2, 139
Let m be 4/(-10) + (-46)/10. Let u be -3 - 0 - (-1 - m). Let f(p) = -8*p - 3. List the prime factors of f(u).
53
Let w be ((-174)/(-203))/((-3)/(-14)). Suppose 4*f - 1100 = -0*f + w*n, 3*f - 810 = -2*n. List the prime factors of f.
2, 17
Let d = -773 + 776. Suppose -d*h + 5106 = 5*f - 2*f, 3*h + 5*f = 5108. List the prime factors of h.
3, 7
Suppose -i = -2*q - 712 - 8929, -5*q - 9623 = -i. What are the prime factors of i?
7, 197
Suppose -2*d + 5*l = l - 556, -5*l + 1360 = 5*d. Let p = d + -143. What are the prime factors of p?
131
Let i(a) = -25*a - 47. Let b be i(-2). What are the prime factors of 8312/10 - ((-36)/15)/b?
2, 13
Let h be -1 + ((-10)/2 - -43). Let x = -44 + h. What are the prime factors of (162/x)/(5/(-35))?
2, 3
Suppose 5*p - 106 = -4*t, 2*t - 9 = -1. Suppose 17*y = -p*y + 51625. What are the prime factors of y?
5, 59
Let i(y) = y**3 - 7*y**2 - 8*y - 3. Let f(g) = -60*g**3 + g**2 - g - 1. Let s be f(1). Let a = s + 70. List the prime factors of i(a).
3, 29
Suppose 0 = 6*c + 3 + 57. Let d be ((-2)/c)/((-13)/(-130)). Suppose -178 = -d*q + 4*a - a, -3*a = -3*q + 273. List the prime factors of q.
5, 19
Let h be 5 + (-504 - 10/(-2)). Let k = h + 848. Let i = k + -201. List the prime factors of i.
3, 17
Let n(y) = y**3 + 40*y**2 - 53*y + 92. What are the prime factors of n(19)?
2, 7, 13
Suppose 544 = d + 4*r, d + 10*r - 5*r - 546 = 0. Suppose -32*y + 33*y - d = 0. List the prime factors of y.
2, 67
Let l(f) = -f**2 - 3*f - 1. Let p = 19 - 21. Let t be l(p). What are the prime factors of t/(10/(-165))*-4?
2, 3, 11
Let n be 2/(405/205 + -2). Let g = 77 + n. Let v = g + 33. List the prime factors of v.
2, 7
Let i(f) be the first derivative of -f**4/4 + 8*f**3/3 + 8*f**2 + 2*f + 10. Let q be i(8). Let h = q + -8. List the prime factors of h.
2, 61
Let h = -120 - -122. Suppose 1978 = 4*z - 2*x, h*z = -4*x + 2*x + 992. List the prime factors of z.
3, 5, 11
Let y(s) = -56*s - 2. Let r be y(-2). Let w be (-26 - -26)/(1 - 6). Let j = w + r. List the prime factors of j.
2, 5, 11
Let s(x) = -13 - x**2 - 20*x - 607*x**3 - 10 + 5 - 849*x**3 - 2. What are the prime